**3 + s. What is the units digit of m(p)?
1
Suppose -2*p = s - 591, -6*s + 11*s = 2*p - 573. What is the units digit of p?
4
Let f = 1012 - 685. What is the hundreds digit of f?
3
Suppose -25*u = -19*u - 198. Let p(j) = -2*j + 2. Let l be p(5). Let b = l + u. What is the units digit of b?
5
Let t(h) = 3*h - 4. Let z be t(2). Suppose -600 = -3*a - z*a. Suppose -4*i + i + a = 0. What is the tens digit of i?
4
Suppose 5*a + 3*b = b + 12686, 0 = -4*a + 4*b + 10160. What is the hundreds digit of a?
5
Suppose 8 = -z + 6. Let r be (-3)/(((-5)/z)/(-5)). Suppose -r = 4*h - 14. What is the units digit of h?
2
Let i(c) = -2*c**2 - 17*c - 28. Let p be i(-7). Let v(l) = -31*l - 40. What is the units digit of v(p)?
7
Let u(s) be the first derivative of s**3/3 + 17*s + 7. Let h = 1 + -1. What is the tens digit of u(h)?
1
Let w = 285 + 89. What is the units digit of w?
4
Let v be -3 - 5/(15/(-42)). Let o = -19 + v. What is the tens digit of 14*(0 + (-12)/o)?
2
Let i = -48 + 175. What is the hundreds digit of i?
1
Let g(u) = 47*u - 3. Suppose -4*r - 5*w + 6 = -6, 2*r - 6 = -2*w. What is the tens digit of g(r)?
3
Suppose -13814 = -3*b - 5*f, b + 3*f = 3*b - 9222. What is the tens digit of b?
0
Suppose 7*h = -11*h + 14508. What is the tens digit of h?
0
Suppose 7*l - 10*l = -156. Suppose 4*f - 44 = 68. Suppose l + f = 4*v. What is the tens digit of v?
2
Let u = -62 + 43. What is the tens digit of (19/u)/(1/(-14))?
1
Suppose 0 = -4*o - h + 4114, -8*o = -3*o - 3*h - 5134. What is the units digit of o?
8
Let b = 13 - 8. Let s = 7 - b. Suppose -275 = -5*x + 4*p, 3*x = 4*p - s*p + 167. What is the units digit of x?
9
What is the hundreds digit of (3668 + 0 - -9) + -11?
6
Let n be (-4)/(-8)*(469 + (-2 - 1)). Suppose 0 = -5*a - n + 628. What is the units digit of a?
9
What is the hundreds digit of (-2)/(-8) - (-3)/(-12) - -493?
4
What is the units digit of (139 - -9) + (-4)/1?
4
Let r be (-10)/4*(-1 - 4 - -3). Let l(g) = -7*g + 3 + 0*g**2 + 0*g**2 + 3*g**2. What is the units digit of l(r)?
3
Let g = 832 + -426. Suppose -3*q - g = -7*q - 3*v, -2*v = -2*q + 196. What is the units digit of q?
0
Let a = -3 - 2. Let x(l) = -22*l + 8. Let k(u) = 52*u - 15. Let d(i) = 2*k(i) + 5*x(i). What is the units digit of d(a)?
0
Suppose 0 = -10*a + 6*a + 12. What is the units digit of 93 - ((-9)/(-3))/a?
2
Let o = -76 - -269. What is the tens digit of o?
9
Let s = -71 + 49. Let c = -71 - -35. Let y = s - c. What is the tens digit of y?
1
Let n be (38/(-6))/((-12)/1692). Suppose -t - n = -5*g, -g + 2*g + 5*t - 163 = 0. What is the hundreds digit of g?
1
Suppose -3*q - 25*h + 26*h + 1470 = 0, 2*q + 5*h = 997. What is the hundreds digit of q?
4
Suppose -13*m + 5584 = -1514. What is the units digit of m?
6
Let t be 1 + 64 - (0 - 1). Let c be 3 - (-2 - (4 - 5)). Suppose c*z - 14 = t. What is the units digit of z?
0
Suppose 187*w + 1678 = 189*w. What is the units digit of w?
9
Let a(o) = 40*o - 101. What is the hundreds digit of a(14)?
4
Suppose 21*f - 1360 = 16*f. What is the hundreds digit of f?
2
What is the tens digit of (-16185)/(-390)*(0 - -50)?
7
Suppose 2*c = -10, -c - 9 - 3 = -y. Let q(r) = -2*r + 3. Let f be q(y). Let d = 10 - f. What is the units digit of d?
1
Suppose 12 - 8 = 4*b. Let w be 7 - ((1 - 1) + b). What is the tens digit of 1*w*(-77)/(-14)?
3
Let r be (-3)/(-2)*8*-1. Suppose -82*s + 78*s = -108. Let a = s + r. What is the tens digit of a?
1
Let o = 141 + -136. Let b(x) = 6*x**2 + 5*x - 2. What is the tens digit of b(o)?
7
What is the tens digit of (3091/2 - -1) + 128/256?
4
Let b = -10 + 38. Suppose 0 = -4*f + 3*f + 7. Suppose f*y = 5*y + b. What is the tens digit of y?
1
Suppose 2*o = -3*o + 5. Let t be 0/o*(-10)/(-10). Suppose t = 5*z + 15 - 180. What is the tens digit of z?
3
Suppose 5*f - 2*k - 2*k = 20, 2*k = -3*f - 10. What is the units digit of (3 - f)/((-21)/(-196))?
8
Let w(y) = 1 - y + 0*y + 0*y. What is the units digit of w(-8)?
9
Suppose 2*z + 4*j = 504 + 298, 4*z - 1624 = -3*j. What is the units digit of z?
9
What is the thousands digit of -4778*((-276)/24 - -11)?
2
Suppose 6 = -3*k - 2*a, -4*k - 9 = -0*k + 3*a. Suppose k = -4*z + 9 + 3. Suppose -5*i - 4*l + 104 = -2*l, -z*i + 3*l + 54 = 0. What is the tens digit of i?
2
Let i be 2 - (2/(-1) - 55). Let t be ((-300)/16)/(3/(-12)). Suppose -4*p + s + t = 0, -4*p + 22 = -3*s - i. What is the tens digit of p?
1
Let d(z) = 4*z + 50. Let c be d(-12). Suppose -307 - 335 = -3*g + 2*y, -4*g + c*y + 858 = 0. What is the units digit of g?
6
Suppose 0 = q, 5*p - 3700 = -3*q + 1950. What is the thousands digit of p?
1
Let r be (-1)/2*0 + 12/4. Suppose r*j - 454 = 80. What is the units digit of j?
8
Let d(z) = z**2 + 5*z - 4. Let s be d(7). Suppose r = -0*r + s. Suppose 2*p = -p + 5*y + 74, 3*p - 2*y = r. What is the units digit of p?
8
Let q = 5 - 1. Let u = q - 34. What is the units digit of (-174)/(-10) + (-18)/u?
8
Suppose -4*f + 20 = 4. Suppose 40 = 2*p + f*y, 0 = 3*p + 3*y + 23 - 92. Suppose 3*g + 2*o = p, 3*g + 6*o - o - 20 = 0. What is the tens digit of g?
1
Let w(f) = 245*f - 377. What is the hundreds digit of w(17)?
7
Let r(b) = -3*b - 2*b + 15 + 4*b + 4. Let i = -6 + 6. What is the tens digit of r(i)?
1
Let o(q) = q**3 - 4*q**2 - q + 2. Let i be o(4). Let x = 0 - i. Let h = x - -9. What is the units digit of h?
1
Suppose -55*g + 1935 = -54*g. What is the thousands digit of g?
1
Let t = 600 - -601. What is the tens digit of t?
0
Let j = 51 + -13. Let g = 68 - j. Suppose -141 + g = -3*n. What is the tens digit of n?
3
Let a be (4/(-12))/(-1)*0. Suppose 2*b - 1 - 29 = a. What is the units digit of b?
5
Suppose 2 = -3*u + 8. Let p be 87 + u - 2/(-2). Suppose 4*d = 2*d + p. What is the units digit of d?
5
What is the thousands digit of -1032*((-20)/(-25))/((-3)/10)?
2
Let w(n) = -28*n + 128. What is the tens digit of w(-26)?
5
Let d = -22 - -24. Suppose d*v + 5*n = 18, 0*v + 2 = -v + 3*n. Suppose 59 = v*l - 29. What is the tens digit of l?
2
Suppose 0 = -5*o + 7*o - 76. Suppose 4*m = o - 2. Suppose -2*s + m = -11. What is the units digit of s?
0
Suppose -4*f = -d - 24459, 3*f - 8742 = -4*d + 9588. What is the tens digit of f?
1
Let t = -14 + 19. Suppose -5*n + t = 2*i + 3*i, -4*i = 3*n - 8. Suppose -3*v = -0*v, -i*k - 3*v = -140. What is the units digit of k?
8
Suppose 3*j = -3*p, -5*p - 7 - 13 = 0. Let h be 4/((-8)/(-10)) + 0. Suppose -h*l = j - 14. What is the units digit of l?
2
Let g(s) be the first derivative of -7 - 7*s**2 + 1/3*s**3 + 19*s. What is the units digit of g(13)?
6
Suppose 449 = 15*i + 29. What is the tens digit of i?
2
What is the hundreds digit of (-4)/(-18) - 23/((-1035)/28430)?
6
Let j = -331 + 498. Suppose r - j + 5 = 0. What is the hundreds digit of r?
1
Suppose 0 = -s + 1019 + 443. What is the thousands digit of s?
1
Let a be 51/9 - (-7)/(84/(-8)). Suppose 0 = 5*s - a*o - 460, -5*s - o - 87 = -541. What is the tens digit of s?
9
What is the units digit of 9/(-2)*(-896)/48?
4
Let x be (2 + 1)*(-440)/(-33). Suppose 0*z + q - x = -2*z, -q = 3*z - 60. What is the units digit of z?
0
Suppose -4*f + 4*c = -2332, 7*f = 2*f + 4*c + 2911. What is the tens digit of f?
7
Suppose 2*x = -0*x - 4*b + 1742, b - 870 = -x. What is the hundreds digit of x?
8
Suppose -3*i = 2*j - 12, 5*j - 3 = -4*i + 13. Suppose j*r = -r. Suppose r*y - 3*y = -96. What is the tens digit of y?
3
Let y(k) = 72*k**3 - 2*k**2 - k + 2. Suppose 2*q + 6 = 8. What is the units digit of y(q)?
1
Let q = 53 - 33. Suppose 0 = 3*m - m - q. What is the units digit of m?
0
Let f(o) = -23*o - 37. Let r(q) = 4*q + 6. Let x(d) = -6*f(d) - 34*r(d). Let c be x(-9). Suppose -y + 4*y - 39 = c. What is the units digit of y?
3
Let b = 5924 - 4081. What is the hundreds digit of b?
8
Suppose -3*a + 78 + 93 = 0. Let d = 154 - a. What is the tens digit of d?
9
Let v(p) = 397*p + 2. What is the units digit of v(1)?
9
Let b(p) = -p**2 + 10*p + 11. Let d be b(11). Suppose d = 13*q - 566 - 851. What is the units digit of q?
9
Let q(w) = -w**3 + 15*w**2 - 24*w - 6. What is the tens digit of q(13)?
2
Suppose 0 = -0*u - 4*u - 132. What is the tens digit of (12/9 - (-2)/(-1))*u?
2
Let i(r) = 8*r**2 + 20*r - 10. Let c be i(8). Suppose g = -2*x + 5*g + 260, 5*x + 2*g = c. What is the tens digit of x?
3
Suppose 0 - 24 = -3*n. Suppose 4*w = n, -4*z = z + 3*w - 